(i) = 27*i**2 + 3*i - 2. Let m be t(3). Suppose 5*l + 0*l = m. Suppose -2*j + 3 = -3, -3*j - 11 = -2*u. What is the highest common factor of l and u?
10
Suppose -3*r + 4*w = -44 - 3, -52 = -3*r + 5*w. Let m = -5 + r. Suppose 0 = -m*p + 12 - 0, -45 = -3*y - 4*p. What is the highest common factor of y and 99?
11
Let v be -10*(-2)/16*8. What is the highest common factor of 90 and v?
10
Let z(l) = -l**2 + 7*l + 5. Let a be z(7). Suppose 6*f - a*f = 35. Calculate the highest common factor of 5 and f.
5
Suppose -364 = -2*w - 2*b, 3*b + 415 - 1141 = -4*w. Let d = -25 - -63. Let y = -18 + d. What is the greatest common factor of w and y?
20
Suppose 10 = 3*w + k - 2*k, 4*w + 4*k = -8. Suppose 0 = -w*y + 454 + 74. Suppose -y = -0*v - 3*v. What is the highest common factor of v and 8?
8
Suppose 0*x - 5*x = -110. Calculate the greatest common factor of x and 11.
11
Suppose -5 = u - 12. What is the highest common factor of 63 and u?
7
Suppose -c = 6*c - 70. What is the highest common factor of c and 40?
10
Let k(w) = w**3 - 9*w**2 - 8*w + 1. Let z be k(10). What is the greatest common factor of 21 and z?
21
Let q(n) = 2*n - 4. Let k be q(4). Let z(w) = 2*w**2 - 2*w + 5. Let u be z(k). What is the highest common divisor of u and 203?
29
Let b = 21 - 15. Calculate the greatest common divisor of b and 4.
2
Let y be 2/4 - (-36)/8. Suppose 2*d - y*d = 5*q - 53, 0 = -d + 1. What is the greatest common factor of 15 and q?
5
Let r(q) = q**3 + 7*q**2 + q - 8. Let v = 5 - 11. Let l be r(v). What is the greatest common divisor of l and 44?
22
Let u be (-2)/(-4) + 1/2. Let y be 0 + -1*-28*u. Let g = 5 + y. Calculate the greatest common factor of 3 and g.
3
Let y(k) = k**2 - 11*k + 12. Let v be y(9). Let q be (-9)/v*(-7 + 1). Let s = 3 - q. What is the highest common factor of 36 and s?
12
Let s(t) = -t**3 - 8*t**2 + 5*t - 12. Let r be s(-9). What is the highest common factor of 16 and r?
8
Let h(q) = q**2 - 3*q + 6. Let w be h(4). Calculate the greatest common factor of 50 and w.
10
Let p(n) = -10*n - 9. Let t be p(-1). Calculate the highest common divisor of t and 4.
1
Let c(n) = -5*n - 1. Let g be c(-4). Let o be 8 + -3 - 2 - 0. Suppose 56 = o*t - 115. What is the highest common divisor of g and t?
19
Let j = 771 - 366. What is the highest common factor of 45 and j?
45
Let j(g) = -22*g. Let f be j(-1). Let s = 40 - f. Calculate the highest common divisor of 162 and s.
18
Suppose 2*d - 583 = 161. Suppose -d = -4*c - 4*h, h = -4*c - 0*h + 357. Let g be (4/3)/(-5 + 62/12). Calculate the greatest common divisor of c and g.
8
Suppose 0*y + 28 = 2*y - 5*s, -y - 2*s + 5 = 0. Suppose -2*i = -r - 14, 3*r - 30 = -2*i - 0*i. What is the highest common factor of i and y?
9
Let r = 180 - 44. Calculate the greatest common divisor of r and 17.
17
Suppose 0 = -2*m - 11 + 23. What is the greatest common divisor of m and 2?
2
Suppose 0 = -r - 0 + 4. Suppose r*x - 4 = -0*x. Suppose -t = x - 5. What is the greatest common factor of t and 4?
4
Let v(o) = -o + 12. Let k be v(9). Suppose -x = -4*x + k. Let g be (0 + 1)/(x/12). What is the highest common divisor of g and 12?
12
Suppose -32 - 168 = -5*g. Calculate the highest common divisor of g and 5.
5
Let f(t) = -2*t**2 + 2*t - 1. Let k be f(4). Let c = k - -39. What is the highest common factor of c and 126?
14
Let v = -51 + 88. Calculate the greatest common factor of v and 333.
37
Let i(x) = 14*x**2 + 7*x. Let c be i(3). What is the greatest common factor of 21 and c?
21
Let m = 2 + 12. Suppose -r - 4*r - 5 = 0, 0 = -w + r + 8. Calculate the greatest common divisor of m and w.
7
Let x = 238 - 133. Let u = 9 + x. Let a = 4 - -15. What is the highest common divisor of a and u?
19
Let n be (-1)/(-2)*(-5 + 47). What is the greatest common divisor of 105 and n?
21
Let w be -2 + 164/(2 + 0). Let m be 20/6*3/1. What is the greatest common divisor of w and m?
10
Let a(g) = 4*g + 12. Let s be a(7). What is the greatest common factor of 8 and s?
8
Suppose -8*g = -g - 196. What is the greatest common divisor of g and 7?
7
Let p be (0 - -1) + (-52)/(-2). What is the highest common divisor of 243 and p?
27
Let b(f) = f**2 + 2*f - 3. Let j be b(-4). Let z = j - 3. Suppose z*q - 48 = -q. Calculate the highest common divisor of q and 128.
16
Let w(d) = -d + 12. Let i be w(-7). What is the highest common factor of i and 19?
19
Let p(k) = -k**2 - 10*k + 4. Let l be p(-10). Suppose q = -l*q + 30. What is the greatest common factor of 6 and q?
6
Let a be 0 + -1 + -12 + 15. Suppose -13 - a = -5*d. What is the highest common factor of d and 3?
3
Suppose 5*h = 7*h + 8, 4*h = -4*f + 24. What is the greatest common divisor of 15 and f?
5
Suppose 9*j = 12*j - 150. What is the greatest common divisor of j and 25?
25
Let a be -3 + (-5 + 82 - -4). Calculate the greatest common factor of 26 and a.
26
Let v = 1 + -1. Suppose -5*r = -5*f - 40, v*r - 5*f = -r + 12. Let w = 4 + r. Calculate the greatest common factor of w and 11.
11
Let k = -539 + 844. Calculate the greatest common divisor of 61 and k.
61
Let c be (155/2)/(2/(-4)). Let s = c + 288. What is the highest common factor of 19 and s?
19
Suppose 0 = 5*n - 6*n + 9. Let f be (18/8)/(4/16). Calculate the highest common factor of f and n.
9
Suppose 4*f = -f + 15. Suppose 6*y - y - 31 = -3*s, -f*y + 36 = -4*s. Let h = 22 - y. Calculate the highest common factor of 21 and h.
7
Let p = -28 + 50. Calculate the greatest common factor of p and 11.
11
Let w(d) = d**3 + 5*d**2 + d - 2. Let a = 3 + -5. Let g be w(a). Let m be 30/2 + 2 - -3. Calculate the highest common factor of m and g.
4
Let t = -1 - 4. Let m = 7 + t. Calculate the highest common factor of m and 18.
2
Let w be ((-3)/5)/((-7)/35). Let d be (w/(-9))/(1/(-15)). What is the greatest common divisor of d and 20?
5
Suppose -3*m = 3*v - 99, 3*v - 2*m = 31 + 83. Suppose 2*d = x - 3*d - 3, -2*x - 5*d + v = 0. Calculate the greatest common divisor of 65 and x.
13
Let l = 1 + 4. Let i(q) = -q**3 + 5. Let f be i(0). Suppose -f*d + 2*u + 194 = 0, 0*d - 117 = -3*d + u. Calculate the highest common factor of d and l.
5
Suppose -2*f - 7 = -1, -t + 18 = -f. Suppose -2*x = w - 8, 2*x + 5*w - 17 = -1. What is the highest common divisor of x and t?
3
Suppose -43 = 2*h - 67. Calculate the highest common factor of 132 and h.
12
Suppose -36 = -4*u + 5*d - 0*d, -4*u + 12 = d. What is the highest common factor of 2 and u?
2
Let j be -1*(6/24)/((-2)/8). What is the highest common factor of 9 and j?
1
Suppose -6*n + 10 = -n. Let j be (1 + n)*16/3. Suppose -3*z - 2*z + 40 = 0. Calculate the greatest common factor of z and j.
8
Suppose 2 = k - 2. Suppose t + 52 = -k*q - 28, 0 = -q - 4*t - 35. Let j = q - -33. What is the greatest common divisor of 56 and j?
14
Let j(g) = -g**2 - g + 14. Let y be j(0). Let h = -17 + 31. Let w be h - 0/(0 - -1). What is the highest common divisor of y and w?
14
Let u be (12/18)/((-4)/(-318)). Suppose 3*c = u - 11. Calculate the highest common divisor of c and 21.
7
Let q be ((-5)/(-10))/(1/24). Let y(m) = m**3 - 2*m**2 - 3. Let z be y(3). Let c be (-1016)/(-12) + (-4)/z. What is the greatest common divisor of q and c?
12
Let i be 2*-1*(-1)/(-1). Let c be -7*i/((-4)/(-6)). Calculate the greatest common divisor of 21 and c.
21
Suppose -4*v + 9 = -3*h, v + 2*h + 0*h = 16. Suppose 30 = 5*q - 2*q - 3*o, 10 = 5*o. What is the greatest common divisor of q and v?
6
Let y(f) = 2*f**2 - f - 1. Let r be y(-1). Suppose -2*i + 36 = r*i. Let k be -6*(-27)/4*2. What is the greatest common divisor of k and i?
9
Let c(r) = -7*r + 8*r + 0*r + 3. Let d be c(9). What is the greatest common divisor of d and 96?
12
Let j be (3*-1)/3*-1. Let c be j/(-2) + (-106)/(-4). Calculate the highest common divisor of c and 13.
13
Let b be 1/(-3 - 132/(-45)). Let i = b + 23. Calculate the highest common divisor of 12 and i.
4
Let h = 103 + -15. Let a(l) = 8*l**3 + l**2 - l. Let i be 16/10 - (-3)/(-5). Let p be a(i). Calculate the greatest common divisor of h and p.
8
Let b = 32 + -15. Let p = -3 + b. What is the greatest common divisor of p and 70?
14
Let h = -13 + 18. Suppose -7 = -y + 2*y - h*v, -8 = -4*v. Calculate the greatest common factor of 24 and y.
3
Suppose 5*r - 5*g = 95, 0 = -r - r - 5*g + 3. What is the greatest common factor of r and 7?
7
Suppose 0 = 20*d - 82 - 198